ite?
True
Is 413333 prime?
False
Is 3163 composite?
False
Is 1397 a composite number?
True
Is 7963 prime?
True
Is 534965 composite?
True
Is 651821 composite?
False
Is 8521 a composite number?
False
Is 157 a prime number?
True
Is 881177 composite?
True
Is 1567 a prime number?
True
Is 570715 a prime number?
False
Is 18269 a composite number?
False
Is 172243 composite?
False
Is 713 a prime number?
False
Is 9073 prime?
False
Is 3817 composite?
True
Is 1551259 a prime number?
False
Is 73407 a composite number?
True
Is 16601 prime?
False
Is 479641 a composite number?
True
Is 164221 a composite number?
True
Is 29713 a prime number?
False
Is 35669 a composite number?
True
Is 13049 a prime number?
True
Is 50633 a composite number?
True
Is 24646 a composite number?
True
Is 716263 composite?
True
Is 2406035 a prime number?
False
Is 68947 a prime number?
True
Is 6999 a composite number?
True
Is 2886743 a composite number?
False
Is 491743 composite?
True
Is 236609 prime?
True
Is 32093 a composite number?
True
Is 4547 a composite number?
False
Is 801359 prime?
False
Is 447985 composite?
True
Is 15143 a prime number?
False
Is 9521 composite?
False
Is 3389 prime?
True
Is 427601 prime?
False
Is 613 prime?
True
Is 623351 a prime number?
True
Is 5973535 a prime number?
False
Is 7765 a prime number?
False
Is 21929 a prime number?
True
Is 24721 a prime number?
False
Is 10903 a prime number?
True
Is 37139 prime?
True
Is 173929 prime?
False
Is 161629 a prime number?
False
Is 22147 a composite number?
False
Is 875477 a prime number?
True
Is 31829 prime?
False
Is 1563 a prime number?
False
Is 122021 composite?
False
Is 4265 a prime number?
False
Is 732329 prime?
False
Is 9961 prime?
False
Is 1259 prime?
True
Is 239839 prime?
False
Is 213383 a composite number?
False
Is 57887 prime?
False
Is 2355799 prime?
True
Is 4751 a prime number?
True
Is 21767 prime?
True
Is 4847 a prime number?
False
Is 2985287 prime?
True
Is 770619 a prime number?
False
Is 409217 a prime number?
True
Is 74135 prime?
False
Is 87439 a composite number?
True
Is 6349 a composite number?
True
Is 211007 a prime number?
True
Is 6218 a composite number?
True
Is 712157 a prime number?
True
Is 468883 a prime number?
True
Is 152695 a prime number?
False
Is 62519 prime?
False
Is 453373 a composite number?
True
Is 246397 a prime number?
False
Is 142649 prime?
False
Is 34761 a composite number?
True
Is 250141 a composite number?
True
Is 7447 a composite number?
True
Is 106903 a prime number?
True
Is 147077 prime?
False
Is 36745 composite?
True
Is 220423 a composite number?
True
Is 5557 prime?
True
Is 11558 a composite number?
True
Is 122803 prime?
False
Is 57637 a composite number?
False
Is 12778 prime?
False
Is 22677 prime?
False
Is 58523 prime?
False
Is 250793 a composite number?
False
Is 2213 prime?
True
Is 36241 a composite number?
False
Is 207395 prime?
False
Is 3407759 composite?
True
Is 32267 a prime number?
False
Is 1537 a composite number?
True
Is 307 prime?
True
Is 28345 prime?
False
Is 3661 a composite number?
True
Is 126833 a prime number?
False
Is 1031399 prime?
True
Is 34649 prime?
True
Is 36209 prime?
True
Is 479309 composite?
False
Is 6049 a composite number?
True
Is 119347 prime?
False
Is 4661 a prime number?
False
Is 78983 a composite number?
True
Is 3155 a composite number?
True
Is 11629 prime?
False
Is 1733 a prime number?
True
Is 787427 a prime number?
True
Is 6997 composite?
False
Is 53709 composite?
True
Is 113281 prime?
False
Is 79969 prime?
False
Is 159097 a composite number?
False
Is 256429 a composite number?
True
Is 273479 composite?
True
Is 79 a prime number?
True
Is 23459 a composite number?
False
Is 4602803 composite?
False
Is 721097 prime?
False
Is 1422637 a composite number?
False
Is 945881 a composite number?
False
Is 1401 a prime number?
False
Is 979 composite?
True
Is 1123671 prime?
False
Is 249703 a composite number?
False
Is 558947 composite?
False
Is 101027 a prime number?
True
Is 9767 a prime number?
True
Is 148151 composite?
False
Is 13738 composite?
True
Is 128321 a composite number?
False
Is 57871 a prime number?
False
Is 24257 composite?
True
Is 97213 prime?
True
Is 1821 composite?
True
Is 763829 a prime number?
False
Is 67477 composite?
False
Is 1543 prime?
True
Is 744493 a composite number?
False
Is 996537 prime?
False
Is 3433 a composite number?
False
Is 93419 a composite number?
False
Is 146347 composite?
False
Is 55067 a prime number?
False
Is 379 prime?
True
Is 2005319 a composite number?
False
Is 8894 composite?
True
Is 6257 prime?
True
Is 323123 a composite number?
False
Is 14719 prime?
False
Is 1115 a composite number?
True
Is 27449 a composite number?
False
Is 13553 prime?
True
Is 80111 a prime number?
True
Is 259151 a composite number?
False
Is 10133 a composite number?
False
Is 37322 a prime number?
False
Is 241181 a composite number?
True
Is 167309 composite?
False
Is 19049 a composite number?
True
Is 85471 a prime number?
False
Is 686869 a prime number?
False
Is 465347 a prime number?
False
Is 1642 prime?
False
Is 200227 a prime number?
True
Is 1119 prime?
False
Is 129841 composite?
False
Is 97979 prime?
False
Is 148327 composite?
True
Is 548629 a composite number?
False
Is 176369 a composite number?
False
Is 77711 a composite number?
False
Is 5882797 prime?
True
Is 4841 a prime number?
False
Is 194963 a composite number?
False
Is 28459 composite?
True
Is 557701 prime?
False
Is 3738853 a composite number?
False
Is 755137 a prime number?
True
Is 7817 a prime number?
True
Is 18137 a prime number?
False
Is 210415 prime?
False
Is 496946 composite?
True
Is 280569 a prime number?
False
Is 114451 a composite number?
False
Is 41621 a prime number?
True
Is 5303 prime?
True
Is 2501 a prime number?
False
Is 19911 a prime number?
False
Is 188273 prime?
True
Is 7311 a prime number?
False
Is 224563 prime?
True
Is 2331299 prime?
True
Is 225799 prime?
False
Is 379699 composite?
False
Is 43721 prime?
True
Is 78613 prime?
False
Is 27887 prime?
False
Is 17795663 composite?
False
Is 769565 composite?
True
Is 516397 a composite number?
True
Is 226231 a composite number?
False
Is 3543 composite?
True
Is 26777 prime?
True
Is 3109 prime?
True
Is 30079 a composite number?
True
Is 521 composite?
False
Is 78059 composite?
False
Is 25151 a composite number?
True
Is 5737 prime?
True
Is 12491 composite?
False
Is 317321 a prime number?
True
Is 17657 a prime number?
True
Is 2251 a prime number?
True
Is 68993 composite?
False
Is 20467 prime?
False
Is 19271 prime?
False
Is 99523 a composite number?
False
Is 619471 a prime number?
True
Is 393059 prime?
True
Is 3967 a prime number?
True
Is 285017 prime?
False
Is 102397 prime?
True
Is 33107 a composite number?
False
Is 16183 a composite number?
False
Is 35833 prime?
False
Is 20441 prime?
True
Is 1777907 composite?
False
Is 309286 composite?
True
Is 649234 a prime number?
False
Is 230929 a composite number?
False
Is 7003 a prime number?
False
Is 55997 a prime number?
True
Is 1304003 composite?
False
Is 6557 prime?
False
Is 42235 a prime number?
False
Is 32127 a prime number?
False
Is 1973 a composite number?
False
Is 4603 prime?
True
Is 477073 composite?
False
Is 192091 a prime number?
True
Is 312929 a composite number?
False
Is 1817 prime?
False
Is 894638 composite?
True
Is 60859 prime?
True
Is 655 composite?
True
Is 73399 composite?
True
Is 120853 a composite number?
True
Is 21557 a prime number?
True
Is 218003 prime?
True
Is 235 a composite number?
True
Is 573 prime?
False
Is 1156921 composite?
True
Is 869521 prime?
True
Is 9239 a composite number?
False
Is 496609 a composite number?
False
Is 5794 a prime number?
False
Is 226741 prime?
True
Is 539339 a prime number?
True
Is 293633 prime?
True
Is 11441 a prime number?
False
Is 21941 a prime number?
False
Is 510809 composite?
True
Is 121301 a composite number?
True
Is 186493 a prime number?
False
Is 218293 a composite number?
True
Is 36443 a prime number?
False
Is 38397 a composite number?
True
Is 1282343 a prime number?
True
Is 33127 prime?
False
Is 15013 a composite number?
False
Is 41889 a prime number?
False
Is 960737 prime?
True
Is 37217 a composite number?
False
Is 195193 a prime number?
True
Is 3754 composite?
True
Is 410929 a prime number?
True
Is 80777 composite?
False
Is 24